ctors of v(-1)?
29
Let g(w) = -4*w**3 - 2*w**2 - w. Let x be g(-1). Let t(s) = s - 2. Let z be t(3). List the prime factors of (z/x)/((-5)/(-285)).
19
Let h = 11 - 6. Let v be (-1)/2*(-2 - 8/(-4)). Suppose v = y - h - 0. List the prime factors of y.
5
What are the prime factors of (-26)/(-39) + 266/6?
3, 5
What are the prime factors of (-3 + 5 - 6) + 49?
3, 5
Let c = -2 - 0. Let m be (2 + c)*(1 + 0). Let a = m + 6. List the prime factors of a.
2, 3
Suppose -25 + 190 = 5*y. Let s = 0 + 2. Suppose 4 = s*a + 4*w, 2*w = 5*a - 25 - y. List the prime factors of a.
2, 5
Let l = -1 - -10. What are the prime factors of l?
3
Let n(q) = 7*q - 19. What are the prime factors of n(6)?
23
Suppose 28*c = 23*c + 365. List the prime factors of c.
73
Let n be ((-2)/6)/((-8)/72). Suppose n*f - 5*f + 88 = 0. What are the prime factors of f?
2, 11
Suppose 2*u + 1 = 235. List the prime factors of u.
3, 13
Let h be -1 + -3*4/(-6). Let u = 3 + h. What are the prime factors of u?
2
Suppose -4*r - r = -35. Suppose 0*n = -n + r. What are the prime factors of n?
7
Suppose 5*b - 15 = u + 15, 5*b = -5*u. Suppose -r - 48 = -b*r. Let a = r - 8. What are the prime factors of a?
2
Let b = 25 + -11. Suppose 52 = z + b. List the prime factors of z.
2, 19
Let v be 12/(-3 + 0) + 127. Suppose 4*d - 3*z - v = 0, -4*d - 12 = -5*d - 3*z. List the prime factors of d.
3
Let x = 63 + -63. Let t(n) = n**2 + 2*n - 1. Let d be t(-3). Suppose d*p - 36 = -x*p. What are the prime factors of p?
2, 3
Suppose 2*m - 2*f = -6*f - 24, -5*m - 4*f - 42 = 0. What are the prime factors of 8/6*(-45)/m?
2, 5
Let m = 2 + 3. List the prime factors of m - 0 - (6 + -6).
5
Let g(q) be the first derivative of -q**4/4 + q**3/3 - q**2/2 + 5*q - 11. Let b = -3 - -3. What are the prime factors of g(b)?
5
Suppose 6*z = -4*o + z - 15, -2*o + 2*z = -6. Suppose o = -2*c + 5*t + 12, 6*c - 7 = 3*c + 2*t. Suppose -c = 3*f - 10. What are the prime factors of f?
3
Let r(m) = m**3 - 6*m**2 + 3. Let l be r(6). Suppose l*s + 30 = 3*d, -29 - 11 = -2*d - 3*s. List the prime factors of d.
2, 7
Suppose -x + 263 = 4*d, 119 = d + d + 3*x. List the prime factors of d.
67
Let d(s) = s**2 + s - 2. Let f be d(-3). What are the prime factors of (-2 + 6/f)*-36?
2, 3
Suppose 0 = 5*f + 11 + 19. Let s be -3*(f + 1 + 2). Let l = -6 + s. List the prime factors of l.
3
Let g(o) = -o**2 + 7*o. Let q be g(7). Suppose -y + q*y = -11. What are the prime factors of y?
11
Let o = 103 - 45. List the prime factors of o.
2, 29
Let v be (1/2)/(5/200). Let h be (15/v)/((-2)/8). Let w = 3 - h. What are the prime factors of w?
2, 3
Let r be (-2)/(-11) + (-554)/22. What are the prime factors of -3 - ((r - 2) + 0)?
2, 3
Let r(i) = i**2 + 8*i + 9. Let p be r(-8). Let t = p - 35. Let n = 41 + t. What are the prime factors of n?
3, 5
Let c(l) = -102*l**3 - 1. What are the prime factors of c(-1)?
101
Let q be 0 - 0/(-2 - -4). Suppose -c - 7 + 23 = q. What are the prime factors of c?
2
Let z(w) = -w**3 - 3*w**2 - 7*w - 4. Let x(r) = r**2 - r. Let i(a) = 2*x(a) - z(a). List the prime factors of i(-3).
7
Suppose -14*u - 9*u + 1771 = 0. What are the prime factors of u?
7, 11
Suppose -2*f = 5*d - 174, -3*d + 0*d + 12 = 0. What are the prime factors of f?
7, 11
Suppose 0*p = -p + 3. Suppose b - 3 = -3*s + s, -3*s = p*b - 21. Let m = -4 + b. What are the prime factors of m?
7
Suppose -h = -3*b - 38, 5*b + 58 = 2*h - 18. Let r be (-8)/(-28) + h/14. Suppose -2*l + 20 = r*l. What are the prime factors of l?
2
Let m(i) = 4*i**2 - 4*i + 5. Let a be m(6). Suppose 10 + a = 5*j. What are the prime factors of j?
3
Suppose n - 51 = -l, -3*l = 3*n - 2*l - 151. What are the prime factors of n?
2, 5
Suppose 0*a - 3*s + 12 = 3*a, -5*a + 41 = -2*s. Suppose -132 = -a*d + 183. What are the prime factors of d?
3, 5
Let l(i) = -i**3 - 4*i**2 - 7*i - 6. Let x(t) = 2*t + 6. Let j be x(-5). List the prime factors of l(j).
2, 11
Let f be (-6)/(-18) + 46/6. Let c = 30 - f. Suppose -24 = -5*h - 4*w, -4*h - 2*w + c = h. What are the prime factors of h?
2
Let m = 35 + -20. What are the prime factors of m?
3, 5
Let a = -13 + 9. Let u(q) = -2*q - 4. List the prime factors of u(a).
2
Suppose -40 = l - 6*l. What are the prime factors of l?
2
Let r(j) = j + 6. Let x be r(0). What are the prime factors of (-116)/(-12) - (-2)/x?
2, 5
Let d = -16 - -45. List the prime factors of d.
29
Let n be ((-6)/4)/((-4)/8). Suppose 19 = f + n. List the prime factors of f.
2
Let k = -7 + 37. What are the prime factors of k?
2, 3, 5
Let f = -12 - -18. Suppose 40 = -p + f*p. What are the prime factors of p?
2
Suppose -3*p - 5*x = -375 + 11, -612 = -5*p - 3*x. List the prime factors of p.
3, 41
Let l(u) = 11*u**2 - u. List the prime factors of l(1).
2, 5
Let z(c) = -c**2 - 2*c - 1. Let l be z(5). Suppose -4*g - 6 = -g. List the prime factors of l/((-9)/3) + g.
2, 5
Let v be (-1)/2 - 39/2. Let n be (34/8)/(2/(-16)). Let s = v - n. List the prime factors of s.
2, 7
Let p = -2 - -19. List the prime factors of p.
17
List the prime factors of 10/(-15) - (-112)/6.
2, 3
Let i(l) = 11*l**2 + l + 2. List the prime factors of i(-1).
2, 3
Let k be 1/(2*(-2)/(-12)). Let o(v) = -v**2 + 3. Let g be o(-3). Let c = k - g. List the prime factors of c.
3
Let l(y) = y**2 + y - 4. Let n be l(0). Let w = 8 + n. What are the prime factors of w?
2
List the prime factors of (-596)/(-8)*(8 + -6).
149
Let w = 1 - -4. Suppose 90 = w*n - 0. What are the prime factors of n/4 - 3/6?
2
Suppose 16 = -3*f - 2*o, -f - 5*o = f + 29. List the prime factors of (-78)/(-9) - f/(-3).
2
Suppose -i + 3*i - 168 = 0. What are the prime factors of i?
2, 3, 7
Suppose 2*r - 243 = -25. What are the prime factors of r?
109
Let r(v) = v**2 - 6*v + 12. List the prime factors of r(8).
2, 7
Suppose 5*b - 2*b - 3 = 0. Suppose 2*t + b = o + 3*t, -4*t - 21 = -o. What are the prime factors of o?
5
Suppose -19 - 51 = -5*p. Let q(a) = -a**2 + 14*a + 3. What are the prime factors of q(p)?
3
Let x = 103 + -64. Let h = x + -20. List the prime factors of h.
19
Suppose 5*s - 1 - 14 = 0. Suppose 0*y + 21 = s*y. Suppose y*b = 3*b + 52. What are the prime factors of b?
13
Let t = -2 + 5. Let d be 2*1 + 1 + t. Let k = 2 + d. List the prime factors of k.
2
Suppose 2*v = -i + 75 + 121, 0 = 4*v. List the prime factors of i.
2, 7
Suppose -8*a + 115 = -3*a. List the prime factors of a.
23
Suppose -3 = 4*h - 5*n, 2*h - n + 1 = h. Let w be 20/(1/h*-1). Suppose -7*f = -2*f - w. List the prime factors of f.
2
Let d(c) = -6*c**3 - 3*c**2 + c**2 - 10*c + 9*c. List the prime factors of d(-1).
5
Let w(f) = 7*f**3 - 2*f + 1. Let q be w(1). Suppose 3*r = q*r - 48. What are the prime factors of r?
2
Suppose 5 = 4*s - 7. Suppose -s*p + p + 21 = -5*f, -15 = -2*p + 3*f. Let b = -1 + p. List the prime factors of b.
2
Suppose 0 = 10*p - 1050 + 320. What are the prime factors of p?
73
Suppose -o - 7 = -17. List the prime factors of o.
2, 5
What are the prime factors of (-4)/(-28) - (-685)/7?
2, 7
Suppose 2*j - 332 + 32 = 0. Suppose 2*m = -k + 30, 5*k - j = 2*m + m. List the prime factors of k.
2, 3, 5
Suppose -g - 3*k = -101, -g + 2*k = -4*g + 289. Suppose 4*r + 35 = m, -2*m - 2*m + r = -g. List the prime factors of m.
23
Suppose 28 = -5*g - 27. Let n be (-1 - -24) + 1/(-1). List the prime factors of (-4)/n + (-79)/g.
7
Let l(c) = -53*c**3 + c**2 - c - 2. List the prime factors of l(-1).
53
Let k = -58 - -130. List the prime factors of k.
2, 3
Suppose 21*o = 22*o. Suppose -w - 11 + 46 = o. What are the prime factors of w?
5, 7
Suppose -o + 12 = 2*o. List the prime factors of o.
2
What are the prime factors of 31 + -3*(-3)/9?
2
Let w = 5 - -1. Let u = w - 8. Let o = 0 - u. What are the prime factors of o?
2
Let g = 39 - 12. Let p be 6/g - (-249)/(-27). List the prime factors of 4/(p/3 - -5).
2
Suppose -5*q = -5*f, 4*f - 3 - 27 = -2*q. List the prime factors of 1/((-2 + f)/51).
17
Let v(f) = -f**3 + f**2 + 3*f - 2. Let r be v(2). Suppose -3*p + 33 + 75 = r. What are the prime factors of p?
2, 3
Let f = 6 + -8. Let l(y) = y + 1. Let p be l(f). What are the prime factors of 8*(-1 - p - -1)?
2
Let g be (-2)/4*(-7 + 7). Let v(f) = f**3 - f**2 - 5. Let i be v(g). List the prime factors of (i + -2)*(0 + -1).
7
Suppose 4*y - 82 = -6. What are the prime factors of y?
19
Let d = -58 + 87. List the prime factors of 